 of q.
2, 3, 5
Let m be (3 - 18/3 - -6) + -206. Let k = m - -323. What are the prime factors of k?
2, 3, 5
List the prime factors of (2 - 7 - (-1029 + -3))*1.
13, 79
Let h(t) be the first derivative of -t**6/12 - t**4/24 + 2*t**2 - 1. Let w(p) be the second derivative of h(p). List the prime factors of w(-1).
11
Let b(k) = 38*k**2 + 3*k - 10. Let z = -103 + 105. What are the prime factors of b(z)?
2, 37
Let w(q) = -4*q - 8. Let g be w(-3). What are the prime factors of g + 19 - 0*(-2)/6?
23
Let k(d) = d**2 + 5*d - 3. Let z be k(0). Let s(h) = 7*h**2 - 2 - 6 + 1. What are the prime factors of s(z)?
2, 7
Suppose 2*b + 3*l = 31, 3*b + 5*l + 9 = 54. List the prime factors of b.
2, 5
Let d be (-6)/3*(0 - 1). Let n be (20 - 19)*(1 - 1). Suppose -d*t = -n*t - 16. What are the prime factors of t?
2
Let p(a) = -52*a + 78. What are the prime factors of p(-7)?
2, 13, 17
Suppose 36*q = 28*q + 8176. What are the prime factors of q?
2, 7, 73
Let k(z) = -64*z + 3. Let h be k(1). Let i = 100 + h. What are the prime factors of i?
3, 13
Let g be -1 + 2 + 2/2. Let k be (-1 + 21)*(5040/32)/21. Suppose -f - g*f = -k. List the prime factors of f.
2, 5
List the prime factors of (2778/15)/(1/5).
2, 463
Let c = 65 + -21. Suppose 0 = 3*f + f - c. Let s = 9 + f. What are the prime factors of s?
2, 5
Suppose 0 = -5*s + 479 - 184. Let b = s - 9. List the prime factors of b.
2, 5
Suppose 5050 = 9*f - 530. List the prime factors of f.
2, 5, 31
Suppose -3*f + 4*n = 2*f - 153, 3*f - 102 = -n. Suppose 4*i + 10 - 36 = -2*h, 2*i - f = -5*h. List the prime factors of ((-132)/(-16))/(i/16).
3, 11
Let a = -15 + 17. Let d be (1/a)/(1/12). Suppose -d*g + 180 = -2*g. List the prime factors of g.
3, 5
Suppose -5*x + 1925 = -0*x. What are the prime factors of x?
5, 7, 11
Suppose -6*w + 2*w + 3909 = -5*i, -3*i - 1957 = -2*w. What are the prime factors of w?
971
Let w be -21*(-8)/78 + 12/(-78). Suppose w*f - 840 = -10*f. List the prime factors of f.
2, 5, 7
Suppose 0*w - 2*o + 429 = -3*w, 2*o - 572 = 4*w. Let p = w + 268. What are the prime factors of p?
5
List the prime factors of ((2 - 1)*1849)/(-23 - -24).
43
Suppose -n - 30 = 3*b + 2*n, -5 = -4*b + 5*n. Let w = b - -174. Suppose -4*a - 69 = -w. List the prime factors of a.
5
Suppose 0*g + g = 2*q + 6, -4 = -2*g. What are the prime factors of (1 - q)/(12/104)?
2, 13
Let l(f) = 6*f**2 - 3*f - 8. Let m(r) = -5*r**2 + 4*r + 7. Let d(h) = 4*l(h) + 5*m(h). Let u be d(8). Suppose u*w + 44 = 5*w. What are the prime factors of w?
2, 11
Suppose -4*n = -0*n - p - 17, 5*n - 5*p = 10. Suppose 654 = -0*y + 4*y + n*u, 0 = 5*y - 4*u - 797. What are the prime factors of y?
7, 23
List the prime factors of 4/(-10) - (-335)/25.
13
List the prime factors of 1/((-2)/10) - (-12942)/6.
2, 269
Let d(b) = -5*b**3 - 4*b**2 - 4*b - 3. Suppose -11 = -11*r - 33. What are the prime factors of d(r)?
29
Let x = -55 - -827. What are the prime factors of x?
2, 193
What are the prime factors of 7/((-105)/(-2148))*225/18?
2, 5, 179
Let g = -70 - -62. Let h(l) = -l**3 + 6*l**2 - 4*l - 6. Let u be h(5). What are the prime factors of (u/2)/(2/g)?
2
Let c(i) be the third derivative of -i**7/1680 + i**6/60 - i**5/15 - 7*i**2. Let k(m) be the third derivative of c(m). List the prime factors of k(-13).
3, 17
Let d = 3263 - 1417. What are the prime factors of d?
2, 13, 71
Let v(h) = 2*h**2 - 6*h - 40. What are the prime factors of v(13)?
2, 5, 11
Suppose 0 = -3*h + 2*h + 93. Suppose 27 = 5*j - h. What are the prime factors of j?
2, 3
Let a(p) = -5*p - 9. Let j be (12*-1)/(-4) - -2. Suppose 2*y = 5*s - 1, j*s = 5*y + 2*s + 31. List the prime factors of a(y).
31
Let m(g) = g**3 + 15*g**2 + 14*g - 8. Let p be m(-14). Let y = p + 23. Suppose -12 = -18*l + y*l. What are the prime factors of l?
2
Let p(y) = 4*y**3 - 6*y**2 + 6*y - 8. List the prime factors of p(7).
2, 139
Suppose 2*z - 20 = -8*n + 3*n, 0 = -4*z + n + 18. Let g(q) = -4*q**2 - 3*q + 4. Let x be g(-4). List the prime factors of 2/z + x/(-5).
2, 5
Let r be 1 - (918 + (1 - 2)). Suppose -2*k + 2*d - 54 = 0, k + 26 = -d + 9. List the prime factors of (-4)/k + r/(-44).
3, 7
Let v = 5971 + -3692. What are the prime factors of v?
43, 53
Let r(v) = -v**3 + 10*v**2 + 5*v + 18. List the prime factors of r(10).
2, 17
Let p = 416 + 1695. What are the prime factors of p?
2111
Let n = -1455 - -2082. What are the prime factors of n?
3, 11, 19
Suppose 3*i - 837 = b + 1003, 5*i - 3063 = -2*b. What are the prime factors of i?
613
Let w(u) = -19*u**2 - 6*u - 25. Let f(c) = -9*c**2 - 3*c - 13. Let k(h) = -13*f(h) + 6*w(h). List the prime factors of k(-8).
11, 17
Let p = -25 + -6. Let u = 35 + p. Suppose u*r + r = -5, 5*m + 4*r - 31 = 0. List the prime factors of m.
7
Let u(k) = 3*k - 2*k + 39 + 2*k**2 + 20. List the prime factors of u(0).
59
Let z be (15 - 7) + -3 + -1. What are the prime factors of (284 - (-4)/z) + -5?
2, 5, 7
Suppose 9*u = -2451 + 9525. What are the prime factors of u?
2, 3, 131
Let h(p) = -p - 43. Let b be h(14). List the prime factors of (-334)/(-3) + 19/b.
3, 37
Let x(a) be the third derivative of a**4/12 + 10*a**3/3 + 3*a**2. Let y(c) = -3*c - 41. Let s(z) = -5*x(z) - 3*y(z). List the prime factors of s(13).
2, 5
Let v = -134 - -191. Let q = v + 17. Suppose -2*s + q = 4*z, 0 = -s - 4*s - 2*z + 161. List the prime factors of s.
31
Let f be 1/((2/740)/(3/6)). Suppose -7*b - f = -12*b. List the prime factors of b.
37
Suppose 3*q - 2*q = 5, 5*q = -4*r + 17. Let u be ((-6)/(-9))/(r/9). What are the prime factors of (-4)/(-6)*-1*u?
2
Suppose -2*g = 5*h - h - 744, 0 = -2*h - 8. List the prime factors of (g/(-50))/(2/(-10)).
2, 19
Suppose 86*i - 58*i - 14112 = 0. What are the prime factors of i?
2, 3, 7
Let s = 261 + -179. What are the prime factors of s?
2, 41
Suppose 5*p - 58 = -2*h + 362, -3*p = -5*h + 1019. Let m = h + -109. Suppose 0 = 5*y - 4*l - 163, 3*y + 2*l = m + 15. List the prime factors of y.
5, 7
Let l = -2225 - -2947. What are the prime factors of l?
2, 19
Suppose 0 = 3*a - 2*n + 166, -a + 6*n - 7*n = 52. List the prime factors of ((-1)/6 - (-13275)/a)*-1.
2, 3, 41
Suppose -3 = -3*f + 3. Suppose 3*u + 137 = g, 5*g + u = f*u + 755. List the prime factors of g.
2, 19
Let u = -95 - -95. Suppose -221 = -z - 0*z + j, -2*z + 5*j + 448 = u. What are the prime factors of z?
3, 73
Suppose -4*o - 3*x + 462 = -975, 5*x + 5 = 0. List the prime factors of o.
2, 3, 5
Suppose -c - c = 4*h + 10, 0 = -4*c + 4*h + 28. Suppose 0 = -c*y - 2*y. Suppose -2*d - 3*d + 60 = y. List the prime factors of d.
2, 3
Let f = -3 + 3. Suppose f = -7*o + 35 + 14. Suppose 0 = 2*j + 2*n - o*n - 75, -215 = -4*j - 3*n. List the prime factors of j.
2, 5
Let j be 12/8 - (-14)/(-4). Let u be 1 - 8 - (4 + j). Let w = 13 + u. List the prime factors of w.
2
List the prime factors of (-13110)/(-228)*2*17.
5, 17, 23
Suppose 7*f - 11*f = -2560. List the prime factors of f.
2, 5
Let l(v) = 2*v**2 + 8*v - 4. Let q be l(-6). Let d = q + -1. Suppose -4*z + 2*z = -a + 27, -3*z = 2*a - d. List the prime factors of a.
17
Let p = -256 + 344. List the prime factors of p.
2, 11
Suppose x - 76 = -3*v, 3*x = -4*v - 0*v + 98. List the prime factors of (-2)/6 - 14/(-12)*v.
2, 3, 5
Let t be (-3)/(-6) - 102/12. What are the prime factors of 246/10 - t/(-100)*-5?
5
Suppose 5*h - 16085 = -5*p, 9*h = 7*h + 5*p + 6406. List the prime factors of h.
3, 7, 17
Suppose 41 - 5 = 4*v. Suppose -v = 4*k - 21. Suppose -4*t + 12 = -k*t. What are the prime factors of t?
2, 3
Suppose 3*u - 70 = -5*d, -4*d + 6*u - u + 19 = 0. Suppose -437 = d*q - 1515. What are the prime factors of q?
2, 7
Let a(i) = 11*i - 5. Suppose -5*w + 121 - 16 = 0. Suppose -3*t + w = 4*t. List the prime factors of a(t).
2, 7
Let g(o) = 10*o**2 + 15*o + 5. Let b be g(-5). Let c = b + -63. List the prime factors of c.
3, 13
Let w be 14/(-4) + (-8)/((-96)/(-18)). List the prime factors of 3*w/45*-129.
43
Let s(i) = -i**3 + 10*i**2 + i + 7. Let j = 40 - 30. What are the prime factors of s(j)?
17
Let n be (2/4)/((-2)/(-12)). Suppose 50*c = 53*c - 15. Suppose -1 = -l - d + 27, -c*l = -n*d - 132. List the prime factors of l.
3
Let s be 42/(-18) - (-4)/3. Let v(k) = -115*k**3 - 3*k**2 - k + 1. What are the prime factors of v(s)?
2, 3, 19
Let q(j) = 4*j**2 - 5*j - 2. Let d be q(2). Suppose d*n - 4*c + 4 - 20 = 0, -5*n + 4